 1204 - 4?
1200
In base 6, what is -32 - 54?
-130
In base 8, what is -333 - -4?
-327
In base 11, what is 2 - 117?
-115
In base 3, what is -20 + -212?
-1002
In base 2, what is -1000 + 1101?
101
In base 15, what is -1b1e - -1?
-1b1d
In base 13, what is -a0 + -2?
-a2
In base 3, what is 1 + -1001100?
-1001022
In base 4, what is -3 - 32221?
-32230
In base 3, what is 22 + -122?
-100
In base 16, what is -1d + 17?
-6
In base 5, what is 33 - 1144?
-1111
In base 15, what is 0 - -de0?
de0
In base 3, what is 100012 + -21?
22221
In base 11, what is a - 9?
1
In base 8, what is -1150 - -5?
-1143
In base 15, what is 20 - 4?
1b
In base 8, what is 4 + 117?
123
In base 16, what is -fc - 27?
-123
In base 2, what is -1011 - -10?
-1001
In base 10, what is 16 - -479?
495
In base 9, what is -164 - -5?
-158
In base 12, what is -5 - 148?
-151
In base 15, what is -8 + 6?
-2
In base 2, what is 100 - 100000101?
-100000001
In base 10, what is 11 + 3?
14
In base 13, what is 2 + 3bc?
3c1
In base 12, what is -184 + 4?
-180
In base 11, what is 457 - -10?
467
In base 7, what is 30554 - -4?
30561
In base 10, what is 2 - 1600?
-1598
In base 13, what is 0 - 355?
-355
In base 6, what is -354 - 43?
-441
In base 4, what is 10 - -11233?
11303
In base 11, what is -207 - -5?
-202
In base 5, what is 13 + 4241?
4304
In base 4, what is -2 - 33320?
-33322
In base 6, what is -511 - 1?
-512
In base 12, what is -3 - -103?
100
In base 2, what is -10 - 1010101?
-1010111
In base 13, what is -3 - 37?
-3a
In base 16, what is -5 + 62?
5d
In base 13, what is 0 - -25?
25
In base 3, what is -221 + 122?
-22
In base 14, what is 5 - 608?
-603
In base 15, what is 1 + 95?
96
In base 3, what is -1210010 + -11?
-1210021
In base 14, what is 0 + -b7?
-b7
In base 14, what is -99a - -4?
-996
In base 10, what is -928 + 2?
-926
In base 4, what is 1 - 230?
-223
In base 9, what is 11 + -15?
-4
In base 8, what is 6 + -304?
-276
In base 10, what is -7234 - -4?
-7230
In base 6, what is 0 - -10231?
10231
In base 3, what is 2121000 + 12?
2121012
In base 14, what is 39 + a?
45
In base 3, what is -122 - -11122?
11000
In base 16, what is -95 + 5?
-90
In base 8, what is -1147 + -2?
-1151
In base 12, what is 9 + -2b6?
-2a9
In base 16, what is 5 + -2b?
-26
In base 6, what is 11503 - -2?
11505
In base 12, what is -38 - 55?
-91
In base 12, what is -8 - 4b?
-57
In base 9, what is 62 + 331?
403
In base 13, what is 49 - 9?
40
In base 3, what is 22012 + -102?
21210
In base 8, what is -4 + 131?
125
In base 8, what is 6 + -37?
-31
In base 8, what is -26 + -15?
-43
In base 6, what is 345 + -4?
341
In base 12, what is 1 + a48?
a49
In base 7, what is 0 - 60?
-60
In base 3, what is 1121 - -1101?
2222
In base 3, what is -202 + -1100?
-2002
In base 15, what is -1 - -3a?
39
In base 4, what is -2 + -13200?
-13202
In base 3, what is -1 - -1021?
1020
In base 10, what is 476 - 3?
473
In base 2, what is -11100 + 10?
-11010
In base 5, what is 3 + -133?
-130
In base 2, what is -1110000 + -100?
-1110100
In base 7, what is -1 - -1264?
1263
In base 13, what is 120 + -1?
11c
In base 9, what is -302 + -4?
-306
In base 10, what is -5 - -110?
105
In base 13, what is -11 + -1c?
-30
In base 7, what is 1 + 1453?
1454
In base 2, what is -111 + -1000000?
-1000111
In base 8, what is -246 - -13?
-233
In base 12, what is 4 + 8?
10
In base 6, what is -204 - 5?
-213
In base 8, what is -1 + -2353?
-2354
In base 5, what is 112 - 2?
110
In base 15, what is -8 + -674?
-67c
In base 5, what is 2034 - -3?
2042
In base 14, what is -22 + 4?
-1c
In base 6, what is -1015 + 4?
-1011
In base 11, what is 460 - -1?
461
In base 3, what is 20 + -1121?
-1101
In base 15, what is 1 - 972?
-971
In base 5, what is -10 - 34?
-44
In base 14, what is -7 + -54?
-5b
In base 13, what is 3 - 2327?
-2324
In base 9, what is -1 + 44?
43
In base 8, what is -7 + 5246?
5237
In base 2, what is -1010110101111 - 101?
-1010110110100
In base 2, what is 1001001 - 1100?
111101
In base 16, what is -bfd - 5?
-c02
In base 3, what is -1101 - 2?
-1110
In base 7, what is 4 + 1234?
1241
In base 6, what is -102 - 234?
-340
In base 10, what is 3340 - 2?
3338
In base 14, what is -1d9 - -2?
-1d7
In base 13, what is 63 - 35?
2b
In base 8, what is -402 + 3?
-377
In base 3, what is 12 + -200222?
-200210
In base 10, what is 40 - 183?
-143
In base 10, what is -184 + -6?
-190
In base 10, what is -1 - 0?
-1
In base 5, what is 33 + -21?
12
In base 5, what is 1212 - 4?
1203
In base 15, what is 2 + -61?
-5e
In base 14, what is 6 + 144?
14a
In base 13, what is 3 - -55a?
560
In base 16, what is -13 + -f?
-22
In base 12, what is 3 - -7a?
81
In base 16, what is -505c - 2?
-505e
In base 4, what is 1 - -202233?
202300
In base 7, what is -2001 - 3?
-2004
In base 6, what is -1 - -424?
423
In base 7, what is -2 - 40?
-42
In base 6, what is -12 + -203?
-215
In base 7, what is 2000 + 2?
2002
In base 11, what is 90 - 7?
84
In base 7, what is 0 - -41?
41
In base 5, what is 11 - -223?
234
In base 3, what is -121101 + 12?
-121012
In base 10, what is -592 - 5?
-597
In base 15, what is 4a - 0?
4a
In base 15, what is -1b - -12?
-9
In base 8, what is 5336 + 0?
5336
In base 12, what is 23 - 47?
-24
In base 4, what is 21 + -3?
12
In base 8, what is 334 + -54?
260
In base 6, what is -23 - -42?
15
In base 6, what is -234 - -40?
-154
In base 11, what is 1175 - 1?
1174
In base 13, what is -148c - 0?
-148c
In base 14, what is -6 + 1522?
151a
In base 11, what is 7 - -37?
43
In base 9, what is 37266 - 4?
37262
In base 11, what is -3 + -72?
-75
In base 7, what is 4 - 2421?
-2414
In base 15, what is 2 + 66?
68
In base 4, what is 11002 + -10?
10332
In base 2, what is 10100111111011 - 11?
10100111111000
In base 14, what is 52d + 1?
530
In base 8, what is -743 - -4?
-737
In base 15, what is 14 - -c6?
da
In base 13, what is 2 + -55b?
-559
In base 13, what is 6 + -7?
-1
In base 5, what is -4 + -100404?
-100413
In base 4, what is 3 + 32?
101
In base 15, what is 9a + 3?
9d
In base 3, what is -10 + -1120?
-1200
In base 7, what is -40 + 53?
13
In base 10, what is 3 - -389?
392
In base 5, what is 2 + -10324?
-10322
In base 12, what is a1 - 7?
96
In base 4, what is 3 - 300?
-231
In base 12, what is -58 - -13?
-45
In base 5, what is -10 + 10434?
10424
In base 16, what is -19 + 1d?
4
In base 8, what is -14 + 3?
-11
In base 9, what is -885 - -10?
-875
In base 3, what is -1012 - 112012?
-120101
In base 16, what is -5 - -2a?
25
In base 3, what is -10 + 1221?
1211
In base 6, what is 113 + -1221?
-1104
In base 14, what is 1074 + 3?
1077
In base 12, what is 27 + 6?
31
In base 4, what is -32 + 32?
0
In base 14, what is -6 - 38?
-40
In base 8, what is -4 - -5716?
5712
In base 8, what is -7 - 134?
-143
In base 15, what is 0 + -67?
-67
In base 14, what is 22 + -19?
7
In base 10, what is 2 - 72?
-70
In base 15, what is -cb9 + -4?
-cbd
In base 16, what is -17 + -680?
-697
In base 5, what is 0 + 4042?
4042
In base 14, what is -1 + -51?
-52
In base 15, what is -35 + -1?
-36
In base 16, what is -5 - -3a?
35
In base 8, what is 5 - 403?
-376
In base 16, what is 5f - 5?
5a
In base 8, what is -6 + 252?
244
In base 3, what is 10 - -11201?
11211
In base 8, what is 34 + -311?
-255
In base 5, what is -4141 + 10?
-4131
In base 12, what is 0 + 20a3?
20a3
In base 5, what is 22 + -2?
20
In base 16, what is 6a - 1?
69
In base 11, what is -6a - 25?
-94
In base 7, what is -4 + -123?
-130
In base 9, what is 708 - 2?
706
In base 10, what is -5 + 150?
145
In base 7, what is -145 + -4?
-152
In base 14, what is -5 - 72a?
-731
In base 15, what is -e9b + -6?
-ea2
In base 14, what is 37 + 1d3?
22a
In base 8, what is -1 + -360?
-361
In base 10, what is 0 + -99?
-99
In base 14, what is -7 + -5?
-c
In base 7, what is -55 + 132?
44
In base 15, what is 29 - 4?
25
In base 7, what is 2164 - 3?
2161
In base 12, what is -6 - -3?
-3
In base 16, what is 78 - 0?
78
In base 16, what is -2c - 1f?
-4b
In base 7, what is -132 + 2?
-130
In base 2, what is 101 + -1100001?
-1011100
In base 4, what is 1032 + -1013?
13
In base 3, what is -10002012 - 0?
-10002012
In base 14, what is ca - -3?
cd
In base 7, what is 2500 - -5?
2505
In base 4, what is 10123 + -10?
10113
In base 7, what is -5445 + 5?
-5440
In base 15, what is 2 + -ee?
-ec
In base 16, what is -7 - -9a?
93
In base 11, what is 58 - -14?
71
In base 15, what is -d1 -